5*g + 72, b*g - 3*p = -9 + 45. What is the units digit of g?
4
Suppose 0 = -2*u - 5*b + 118, -2*u = -7*u + 5*b + 260. What is the tens digit of (1 + u/(-10))*-10?
4
Let v be (2 - 2) + 3 + -2. Let u be (3/(-6)*-2)/v. Let f(k) = 5*k - 1. What is the units digit of f(u)?
4
Let h(c) = 8*c**2 + c - 9. What is the tens digit of h(-4)?
1
Let o(y) = -y**3 - 14*y**2 - y + 15. What is the units digit of o(-14)?
9
Let j = -16 + -4. What is the units digit of 8 + -6 - (-1 + j)?
3
Suppose -t + s = -8, 0 = -t - 3*t + 2*s + 24. Let w = t + -2. Suppose a + 8 = w*a. What is the units digit of a?
8
What is the tens digit of (-3 - -2) + -4 + 309?
0
What is the units digit of (-2)/4*(-189 + 3)?
3
What is the tens digit of ((-105)/9)/((-2)/6)?
3
Let g = 24 - 11. What is the units digit of g?
3
Let o = 247 + -170. Let v = o - 27. What is the tens digit of v?
5
Let p = 17 + -14. Let b(w) = 3*w + 3. What is the units digit of b(p)?
2
What is the units digit of (-1 - (2 + 0)) + 11?
8
Suppose 1 = 3*i + 2*o - 41, 0 = 2*i + 4*o - 36. Suppose 0*d - i = -2*d. Suppose -4*s + 6 = -d. What is the units digit of s?
3
Let o = 6 + -4. Let i be o/(-9) - (-58)/18. Suppose -i*m - 1 + 25 = 5*j, -5*m + 40 = -5*j. What is the units digit of m?
8
Let c(z) = z**3 + z**2 - z + 2. What is the units digit of c(2)?
2
Let b be 4/10*(5 - 0). Suppose -23 = -b*a - 1. What is the tens digit of a?
1
What is the units digit of (-5824)/(-88) + (-2)/11?
6
Suppose -4*t = -2*t - 4*i - 2, -40 = 5*t - i. Let o be 22/99 - (-16)/9. Let y = o - t. What is the tens digit of y?
1
Let k be 3/((-3)/(-2)) - 39. Let d = -19 - k. Suppose -3*r + d = -3*l, 0*r + 5*l + 27 = 2*r. What is the units digit of r?
1
Let t be 2 + 3 + (1 - 3). What is the units digit of t*2/3*6?
2
Let g(z) = -z**3 - 3*z**2 + 3*z + 1. Let r be g(-4). Suppose 0 + 20 = 5*t. Suppose 0 = 4*f - 12, -r*f + 14 = t*n - 41. What is the units digit of n?
0
Let z(q) = -q**2 + 7*q - 4. Let o(c) = c + 1. Let d be o(4). What is the units digit of z(d)?
6
What is the units digit of 3/((45/(-228))/(-5))?
6
Let m = -6 + 5. Let g be ((-51)/(-3) - m) + 2. Let w = g - 14. What is the units digit of w?
6
Suppose 0 = 5*j - z - 35, -5*j = -j + 5*z + 1. What is the units digit of j?
6
Let b = 106 - 68. What is the tens digit of b?
3
Suppose 860 + 1723 = 21*s. What is the hundreds digit of s?
1
Let x = 54 + 4. What is the tens digit of x?
5
Suppose 2*c = -2*n - 30, 0 = 5*c - 7*c + 4*n. Let k(f) = f**3 + 10*f**2 + 13. Let j be k(c). Suppose 1 = 2*h - j. What is the units digit of h?
7
What is the units digit of (16/(-12))/(1/(-3))?
4
Suppose 4*s = -j - 2*j - 28, s - 2*j = -18. Let w = s - -14. What is the units digit of w?
4
Let q = 209 + -67. What is the tens digit of q?
4
Let n = 0 + -6. What is the units digit of n/2 + 5 + 5?
7
Suppose 15 = -5*i - 2*m, 3*m - 9 = 3*i - 0. What is the tens digit of -6*10/i - 2?
1
What is the tens digit of 4 + 16 + 1 - (-3)/(-3)?
2
Suppose -30 = -3*j + 15. Let g = 31 - j. Suppose 3*b = -3*l + 18, -4*b + 0*l = -4*l + g. What is the units digit of b?
1
Let m = 47 + -31. Suppose 5*f + m = 41. What is the units digit of (2 - (-1 + 2)) + f?
6
Let q(h) = -5*h**3 + 2*h**2 + 5*h + 3. Let k(m) = -14*m**3 + 5*m**2 + 14*m + 8. Let a(r) = 6*k(r) - 17*q(r). What is the units digit of a(5)?
7
Let d = 8 - 8. Let p = -50 - -100. Suppose d = -3*n - 11 + p. What is the units digit of n?
3
Let i(r) = -r**2 - 8*r - 3. Let l be i(-7). Suppose -9 = -7*y + l*y. What is the units digit of y?
3
Let s(v) = 4*v**3 - 4*v**2 + 4*v - 6. What is the tens digit of s(3)?
7
What is the tens digit of ((-4)/5)/(2/(-170))?
6
Suppose 0 = -c + 3*c + 46. Let p = -13 - c. What is the units digit of p?
0
Let w be 2/1 - (2 + 8). Let o(r) = -r**3 - 7*r**2 + 8*r + 3. Let b be o(w). Suppose 15 = 6*s - b*s. What is the units digit of s?
5
Suppose -4*g - z = -21, 4*g - 12 - 18 = 2*z. Let j = g + 0. Suppose -j*x = -x - 25. What is the units digit of x?
5
Let q = 10 + -7. Let n = -21 - -16. Let u = q - n. What is the units digit of u?
8
Suppose 5*t + 27 - 77 = 0. What is the units digit of t?
0
Let i be (6/(-8))/((-4)/(-16)). Let o = i - -4. Suppose 0 = 2*r - 2*x - 1 - o, 5*r - 4*x - 8 = 0. What is the units digit of r?
4
Let y(r) = -10*r + 2. Let f be y(-2). Suppose -f = -5*s + 108. Suppose t + s = 3*t. What is the units digit of t?
3
Let s be (-2)/5 + 24/10. Suppose 0 = -2*g + 5*g + 3*w, -5*g - s*w = -15. What is the units digit of g?
5
Suppose 0 = -3*w + 7*w. Let t(u) = -u**2 - u + 45. What is the units digit of t(w)?
5
Suppose -3*u + 184 = -0*u + 2*k, 4*k = -u + 58. What is the units digit of u?
2
Let m(k) be the first derivative of 3*k**2/2 - 2*k - 1. Let l = -2 + 4. What is the units digit of m(l)?
4
Let j(p) = -p**3 - 12*p**2 + 5*p - 40. What is the units digit of j(-13)?
4
Let n = 16 - 8. Let w = 3 + n. What is the tens digit of w?
1
Let u(c) = -c**3 - 7*c**2 - c - 5. Let p be u(-7). What is the units digit of p - 2 - -10 - -2?
2
Let d be (-2)/(-11) - (-168)/44. What is the units digit of 1*d/(-12)*-12?
4
Let n(s) = 53*s**2 + 2*s - 2. Suppose -11*i + 15*i - 4 = 0. What is the units digit of n(i)?
3
What is the units digit of (1 - -40) + -1 - 4?
6
Let v = 0 + 12. Suppose -5*h + 4*o - v + 192 = 0, o = 3*h - 115. What is the tens digit of h?
4
Suppose 2 = -2*y + 3*y. Let g = 8 - y. What is the units digit of g?
6
Suppose 4*t - 77 = -5. What is the tens digit of ((-30)/(-9))/(2/t)?
3
Suppose 0*j - j + 6 = 3*d, 0 = -4*j. What is the units digit of 30/d*(-4)/(-12)?
5
Let m = -13 - -2. Let c = -8 - m. What is the units digit of c?
3
Suppose -2 - 1 = -j. Let t be 3/((-2)/((-4)/j)). Suppose t*b = -5*z + 2 + 6, -2*b = z. What is the units digit of z?
2
Suppose 6*h + 35 = h. Let u = -4 - h. What is the units digit of u?
3
Suppose 210 = 3*a + 30. What is the units digit of a?
0
Suppose 6 = 2*m, 4*w + 3*m = 4*m + 425. What is the hundreds digit of w?
1
Suppose 35 = -5*t + 300. What is the units digit of t?
3
Let x(b) = b**3 - 15*b**2 - 12*b - 10. What is the units digit of x(16)?
4
Let x = 205 - 118. What is the units digit of x?
7
Suppose 0*f - 5*h - 17 = f, -2*f - 2*h = 18. Let g = f + 19. What is the tens digit of g?
1
Let p(c) = -c**3 + 9*c**2 - 9*c + 12. Let x be p(8). Let t be (-6)/x*2/1. Let h = 4 + t. What is the units digit of h?
1
Suppose 0 = 5*t - t - 16. Suppose 3*a - 9 = 4*v, -3*v = -2*a + t*a - 23. Suppose a*j = 4*j + 6. What is the units digit of j?
2
Let a be ((-2)/4)/((-8)/80). Let u(q) = q**3 - 6*q**2 + 6*q - 3. What is the units digit of u(a)?
2
Let d(y) = -13*y - 10. Let n be d(-8). Suppose 3*l = n - 37. What is the tens digit of l?
1
Let t = -32 - -65. What is the tens digit of t?
3
Let h = 2 + 0. What is the units digit of (6/(-4))/(h/(-16))?
2
Let h(j) = -7*j + 5. Let s(y) = 8*y - 5. Let m(d) = -4*h(d) - 3*s(d). What is the units digit of m(7)?
3
Let b = -106 - -208. What is the tens digit of b?
0
What is the tens digit of ((-32)/24 - (-236)/6) + -1?
3
Let q = -91 - -189. What is the units digit of q?
8
Suppose -8*v = -3*v - 85. What is the units digit of v?
7
Suppose 141 = 4*o - 159. What is the units digit of o?
5
Let q(c) = c**3 - 4*c**2 - 3*c - 3. Let s = 6 - 1. Suppose 5*k + 2*g - g - 27 = 0, -s*k = 5*g - 35. What is the units digit of q(k)?
7
What is the tens digit of 2 + (-4)/((-16)/604)?
5
Suppose -20 - 3 = -2*j - 3*q, 0 = 5*j - 2*q - 10. Let y(g) = g**2 - 2*g - 1. What is the units digit of y(j)?
7
Suppose 0 = -4*p - 4*l - l + 920, 4*l = -p + 219. What is the tens digit of p?
3
Suppose -10*t = -9*t - 25. What is the tens digit of t?
2
Suppose -5*f + 24 + 1061 = 0. What is the units digit of f?
7
Let q be (0 - -1) + -1 + -2. Let h be ((-8)/(-6) + q)*-3. Suppose 0 = h*r - 3*r + 1. What is the units digit of r?
1
Let v be -9 - (-6)/(3 - 0). Let k = -5 - v. What is the units digit of k?
2
Suppose 3 + 1 = -4*n. Let q(z) = -6*z**2 + 3*z + 3. Let t(f) = f**2. Let m(l) = n*q(l) - 5*t(l). What is the units digit of m(6)?
5
Let o be (2 - 0) + (7 - 6). Suppose 0 = -3*m - 3*d + 57, 3*m - o*d = 8*m - 89. What is the units digit of m?
6
Let k = -19 + 28. What is the units digit of k?
9
Let p = 5 - 4. What is the units digit of p*1/((-3)/(-15))?
5
Suppose 0*m + 5*m - 5 = 0. Let q be (m/((-3)/(-6)))/1. Suppose c - 6 = -q*u, -2*c + 0*c + 3*u = -5. What is the units di